e
Is 423494723 composite?
False
Is 2285099549 prime?
True
Is 16064828077 prime?
False
Is 73049724173 prime?
True
Is 1467839209 a prime number?
False
Is 28633617941 prime?
True
Is 114943004993 composite?
True
Is 43513649 composite?
True
Is 6813639479 a prime number?
False
Is 96405422891 a composite number?
False
Is 2494671745 prime?
False
Is 992154043 a composite number?
False
Is 93586400849 prime?
False
Is 252335719 a prime number?
False
Is 5136487597 composite?
False
Is 43471452481 prime?
True
Is 1446866909 a prime number?
False
Is 15206983201 a prime number?
False
Is 9078801191 a composite number?
True
Is 2190007823 composite?
False
Is 1771280857 composite?
False
Is 188183993 composite?
False
Is 23348868394 a composite number?
True
Is 149206603849 composite?
True
Is 2856517379 composite?
True
Is 5845048379 a composite number?
True
Is 24638101 a prime number?
True
Is 132895030727 composite?
True
Is 4023389759 a prime number?
True
Is 14817536543 a composite number?
False
Is 6209629471 a composite number?
False
Is 458123791 composite?
True
Is 23442236329 prime?
False
Is 4109756773 prime?
True
Is 492152729 prime?
True
Is 7931455099 composite?
False
Is 2753955973 prime?
True
Is 3228826771 a prime number?
True
Is 36015142263 prime?
False
Is 12810177649 prime?
False
Is 64079119151 prime?
True
Is 12311159 a prime number?
False
Is 196493387 a composite number?
True
Is 188049907819 a composite number?
False
Is 1876751 a prime number?
False
Is 10758530087 a composite number?
True
Is 3250576058 prime?
False
Is 4414908523 a composite number?
False
Is 13759340221 composite?
True
Is 125124683795 prime?
False
Is 1856700623 prime?
False
Is 25508147 a composite number?
True
Is 30391145331 composite?
True
Is 1838306587 a prime number?
False
Is 69924901 prime?
False
Is 304484981 a composite number?
True
Is 19206625313 prime?
False
Is 92760192157 a composite number?
False
Is 20695328743 prime?
False
Is 138688013 prime?
True
Is 575361343 composite?
False
Is 216137251 prime?
False
Is 60181740163 composite?
True
Is 104348409103 composite?
True
Is 42407452823 a prime number?
True
Is 483461369 composite?
False
Is 116975092373 prime?
True
Is 970858243 a prime number?
True
Is 109544377 composite?
True
Is 65970427 prime?
True
Is 21275694721 prime?
True
Is 262585877 composite?
False
Is 33750114401 a prime number?
False
Is 352207081 a prime number?
True
Is 1506138637 composite?
True
Is 53539552603 composite?
False
Is 1358031013 a composite number?
False
Is 209253406 a composite number?
True
Is 161003639 a composite number?
False
Is 703062739 a composite number?
False
Is 28483507721 prime?
False
Is 66172926511 prime?
False
Is 1377103303 a prime number?
False
Is 1509245977 composite?
False
Is 55583026453 a prime number?
True
Is 388467427 composite?
False
Is 2583912707 composite?
True
Is 6332722571 prime?
False
Is 11138644163 a composite number?
True
Is 86341655017 a prime number?
True
Is 20549437199 prime?
True
Is 566347471 a composite number?
True
Is 7703174 a composite number?
True
Is 1521029077 a composite number?
True
Is 6006271277 composite?
True
Is 121030629683 composite?
True
Is 25606445819 composite?
True
Is 184018777 prime?
True
Is 4562320589 a composite number?
False
Is 4394776993 a composite number?
False
Is 1021204901 a composite number?
True
Is 1424810867 prime?
True
Is 12402612011 a prime number?
False
Is 4218427303 composite?
False
Is 3768046673 composite?
True
Is 430235177 prime?
False
Is 1570517603 a prime number?
True
Is 1136212199 composite?
True
Is 1758187615 a composite number?
True
Is 1095401299 prime?
True
Is 67761038393 a composite number?
True
Is 15885841567 composite?
False
Is 34022939677 a composite number?
True
Is 9442931515 a composite number?
True
Is 9289466059 a prime number?
True
Is 180384949 a prime number?
False
Is 31740451 prime?
True
Is 202848762409 a prime number?
False
Is 7137771239 composite?
True
Is 5727723361 a composite number?
False
Is 8711079743 a composite number?
False
Is 60867540119 a composite number?
True
Is 24178642039 a composite number?
True
Is 12037650509 a prime number?
True
Is 20593060991 a prime number?
False
Is 2104084981 a prime number?
False
Is 1005402481 composite?
False
Is 406022587 a composite number?
False
Is 223184092841 prime?
True
Is 24047766287 a composite number?
False
Is 4756078139 a prime number?
True
Is 434443552735 a prime number?
False
Is 54187841423 a composite number?
True
Is 9289003403 composite?
False
Is 753253751 prime?
False
Is 532666031 a composite number?
False
Is 5849881621 a composite number?
False
Is 18175958447 prime?
True
Is 7017228251 prime?
False
Is 6369383221 prime?
False
Is 1897569893 composite?
True
Is 175003189 a prime number?
False
Is 4447016599 prime?
True
Is 62651419343 prime?
True
Is 2775207133 a composite number?
True
Is 1173128711 a composite number?
True
Is 675095497 a composite number?
True
Is 30649715231 a composite number?
False
Is 3673201343 prime?
False
Is 5133701399 a composite number?
False
Is 249652127 composite?
False
Is 1081679099 a composite number?
False
Is 19899663071 prime?
True
Is 212456251 a composite number?
True
Is 39880310087 a prime number?
True
Is 4052782999 composite?
False
Is 28211943523 a composite number?
True
Is 14193243587 a composite number?
True
Is 7877258381 composite?
False
Is 1033859381 a composite number?
True
Is 26767414901 prime?
False
Is 888412933 a prime number?
False
Is 16888014943 composite?
False
Is 35556700027 a prime number?
True
Is 1688484337 a composite number?
True
Is 286340729 a composite number?
False
Is 35104915877 prime?
True
Is 2927274359 a prime number?
True
Is 10897699201 prime?
True
Is 2830763197 prime?
True
Is 58360106953 composite?
True
Is 1543219087 a prime number?
False
Is 1025419007 a composite number?
False
Is 15295522981 a prime number?
False
Is 818198597 composite?
False
Is 67064947 prime?
True
Is 353534561 prime?
True
Is 4595033401 a composite number?
True
Is 88148630839 a prime number?
False
Is 229794307 prime?
True
Is 6903039187 prime?
False
Is 69996877 prime?
False
Is 2047112789 composite?
False
Is 2687197657 a prime number?
False
Is 627909563 a composite number?
False
Is 782378287 a composite number?
True
Is 46552619 a prime number?
True
Is 162655429 prime?
False
Is 10742244922 a composite number?
True
Is 11716615333 a composite number?
True
Is 39513235127 a composite number?
True
Is 168771964349 a prime number?
True
Is 1112779043 prime?
False
Is 5701471901 a composite number?
False
Is 158042276299 composite?
False
Is 327578431 composite?
False
Is 9502584301 prime?
False
Is 7596525921 a composite number?
True
Is 42823475491 a prime number?
False
Is 6907885069 a composite number?
True
Is 452416781 a prime number?
True
Is 29640755809 prime?
False
Is 106346749 a composite number?
False
Is 34353978227 a prime number?
True
Is 1067447551 a composite number?
True
Is 35947115489 prime?
True
Is 38606763623 prime?
True
Is 283957681379 prime?
False
Is 34690705891 a composite number?
False
Is 1691517803 composite?
True
Is 42948453973 a prime number?
True
Is 344530259 a composite number?
True
Is 22922250437 prime?
False
Is 11010701509 composite?
True
Is 595024271 a composite number?
False
Is 1344009841 a prime number?
True
Is 86567903 a prime number?
False
Is 109182079 prime?
False
Is 501763673 a composite number?
False
Is 35278295083 prime?
True
Is 573710359 a composite number?
True
Is 1226131811 a composite number?
False
Is 3574358987 composite?
True
Is 136723999 a prime number?
True
Is 6835820713 composite?
True
Is 32789947121 prime?
True
Is 9479417779 composite?
True
Is 8196739 prime?
True
Is 17634640391 a composite number?
False
Is 77782389857 prime?
True
Is 44787338531 a composite number?
True
Is 8938709161 a composite number?
True
Is 2643286169 composite?
True
Is 6001158049 a prime number?
False
Is 2145978761 prime?
True
Is 254171737 prime?
False
Is 593230669 composite?
False
Is 19659356935 a prime number?
False
Is 1511395959 a composite number?
True
Is 3504515494 a composite number?
True
Is 1850037173 a composite number?
False
Is 76322663642 composite?
True
Is 487297357 prime?
True
Is 19838286397 a prime number?
False
Is 4033774117 composite?
False
Is 993735157 a prime number?
True
Is 2819741851 a composite numb